
4
Calculate the greatest common factor of 264 and 120.
24
Calculate the highest common factor of 25 and 310.
5
Calculate the greatest common factor of 2 and 102.
2
What is the highest common factor of 32 and 88?
8
What is the greatest common factor of 7790 and 246?
82
What is the highest common divisor of 16527 and 21?
21
What is the greatest common divisor of 261 and 18?
9
Calculate the highest common factor of 265 and 19080.
265
Calculate the greatest common factor of 1344 and 154.
14
What is the highest common factor of 28 and 156?
4
Calculate the highest common factor of 66 and 110.
22
Calculate the highest common factor of 520 and 650.
130
Calculate the greatest common divisor of 106 and 583.
53
What is the highest common divisor of 550 and 800?
50
Calculate the greatest common divisor of 1230 and 15.
15
Calculate the greatest common divisor of 418 and 22.
22
What is the greatest common divisor of 1195 and 2?
1
What is the greatest common divisor of 432 and 135?
27
What is the highest common factor of 220 and 22?
22
What is the greatest common factor of 32 and 112?
16
Calculate the highest common factor of 552 and 11937.
69
What is the highest common divisor of 1988 and 639?
71
Calculate the greatest common factor of 6 and 894.
6
Calculate the greatest common factor of 44 and 781.
11
Calculate the highest common factor of 1752 and 384.
24
What is the greatest common factor of 2208 and 96?
96
Calculate the highest common factor of 228 and 1026.
114
Calculate the highest common factor of 45 and 255.
15
What is the highest common divisor of 6 and 4010?
2
Calculate the highest common factor of 575 and 115.
115
Calculate the greatest common divisor of 583 and 1643.
53
What is the highest common factor of 24 and 384?
24
Calculate the greatest common factor of 1742 and 670.
134
What is the highest common divisor of 354 and 6?
6
Calculate the highest common factor of 75 and 3000.
75
What is the greatest common divisor of 12 and 57?
3
What is the highest common divisor of 576 and 684?
36
Calculate the greatest common divisor of 36 and 348.
12
Calculate the highest common factor of 36 and 1764.
36
What is the highest common factor of 54 and 1602?
18
Calculate the highest common factor of 63 and 90.
9
Calculate the greatest common factor of 549 and 63.
9
Calculate the greatest common factor of 6667 and 295.
59
What is the greatest common divisor of 310 and 50?
10
What is the greatest common divisor of 147 and 105?
21
Calculate the greatest common divisor of 16 and 512.
16
Calculate the highest common factor of 2919 and 63.
21
What is the greatest common divisor of 8375 and 375?
125
What is the highest common factor of 3298 and 34?
34
Calculate the highest common divisor of 1 and 169.
1
What is the greatest common divisor of 56 and 48?
8
What is the highest common factor of 72 and 23952?
24
Calculate the highest common divisor of 845 and 145.
5
What is the greatest common divisor of 5798 and 4?
2
Calculate the greatest common factor of 51 and 1921.
17
Calculate the greatest common divisor of 2 and 64.
2
Calculate the greatest common factor of 19321 and 139.
139
Calculate the greatest common divisor of 14 and 8988.
14
Calculate the greatest common factor of 708 and 2592.
12
Calculate the highest common divisor of 387 and 301.
43
Calculate the highest common divisor of 49 and 28.
7
Calculate the highest common divisor of 462 and 84.
42
Calculate the greatest common factor of 15 and 555.
15
What is the highest common divisor of 1920 and 360?
120
Calculate the greatest common factor of 8787 and 87.
87
What is the highest common divisor of 2 and 10?
2
What is the greatest common divisor of 18 and 387?
9
What is the highest common factor of 451 and 121?
11
What is the highest common divisor of 84 and 9?
3
What is the highest common divisor of 1698 and 8?
2
Calculate the highest common divisor of 12 and 1740.
12
What is the greatest common factor of 23 and 9269?
23
What is the greatest common factor of 32256 and 280?
56
Calculate the highest common divisor of 171 and 209.
19
What is the highest common factor of 176 and 11?
11
What is the highest common divisor of 2974 and 2?
2
Calculate the highest common factor of 621 and 23.
23
Calculate the greatest common divisor of 119 and 51.
17
Calculate the highest common factor of 332 and 4897.
83
Calculate the greatest common factor of 142 and 10.
2
Calculate the highest common divisor of 42 and 63.
21
What is the greatest common factor of 3348 and 27?
27
What is the highest common factor of 320 and 20?
20
Calculate the greatest common factor of 388 and 4947.
97
What is the greatest common factor of 375 and 105?
15
What is the greatest common divisor of 25 and 775?
25
Calculate the greatest common divisor of 77 and 22.
11
Calculate the greatest common divisor of 27935 and 555.
185
What is the highest common divisor of 942 and 120?
6
What is the greatest common divisor of 93 and 9?
3
What is the greatest common factor of 13 and 47125?
13
What is the greatest common factor of 30 and 380?
10
Calculate the greatest common factor of 216 and 2538.
54
Calculate the highest common factor of 18 and 1341.
9
Calculate the greatest common divisor of 328 and 82.
82
What is the highest common factor of 100 and 1550?
50
What is the greatest common factor of 468 and 36?
36
What is the greatest common divisor of 1140 and 240?
60
Calculate the greatest common divisor of 871 and 26.
13
Calculate the highest common factor of 357 and 119.
119
Calculate the highest common factor of 324 and 72.
36
What is the highest common factor of 5151 and 255?
51
What is the greatest common factor of 391 and 46?
23
What is the highest common factor of 276 and 414?
138
What is the highest common factor of 37 and 37?
37
What is the highest common factor of 15 and 993?
3
Calculate the highest common factor of 370 and 333.
37
Calculate the highest common factor of 176 and 77.
11
What is the highest common factor of 14520 and 30?
30
What is the highest common divisor of 51 and 102?
51
Calculate the highest common divisor of 108 and 4374.
54
Calculate the greatest common divisor of 22 and 2937.
11
Calculate the highest common divisor of 3278 and 616.
22
What is the highest common divisor of 80 and 496?
16
Calculate the greatest common divisor of 4194 and 36.
18
Calculate the greatest common factor of 147 and 63.
21
What is the highest common divisor of 324 and 24?
12
Calculate the highest common factor of 8 and 7808.
8
What is the highest common factor of 101 and 13231?
101
What is the highest common divisor of 92 and 3818?
46
What is the highest common divisor of 8 and 60?
4
What is the greatest common factor of 160 and 64?
32
What is the greatest common divisor of 16 and 12?
4
What is the greatest common factor of 558 and 18?
18
Calculate the highest common divisor of 34 and 663.
17
Calculate the greatest common divisor of 5589 and 345.
69
Calculate the highest common factor of 3267 and 36.
9
What is the highest common factor of 72 and 10464?
24
What is the highest common divisor of 2224 and 139?
139
Calculate the greatest common divisor of 74 and 851.
37
Calculate the greatest common factor of 46 and 2277.
23
Calculate the greatest common factor of 2250 and 630.
90
Calculate the greatest common factor of 917 and 7729.
131
Calculate the greatest common divisor of 854 and 28.
14
What is the highest common divisor of 3 and 511?
1
What is the highest common divisor of 27079 and 13?
13
Calculate the highest common divisor of 294 and 3108.
42
Calculate the greatest common divisor of 1391 and 535.
107
What is the greatest common factor of 89 and 2937?
89
What is the greatest common factor of 60 and 400?
20
Calculate the highest common divisor of 72 and 588.
12
Calculate the highest common factor of 6860 and 80.
20
What is the greatest common factor of 18500 and 375?
125
Calculate the greatest common factor of 270 and 66.
6
What is the greatest common divisor of 31 and 341?
31
What is the greatest common factor of 279 and 155?
31
Calculate the greatest common divisor of 689 and 583.
53
Calculate the highest common factor of 66 and 44.
22
Calculate the greatest common divisor of 492 and 156.
12
What is the greatest common divisor of 55 and 20?
5
Calculate